{"id":6127,"date":"2025-01-17T12:32:27","date_gmt":"2025-01-17T11:32:27","guid":{"rendered":"https:\/\/www.visitclusone.it\/?post_type=eventi&#038;p=6127"},"modified":"2025-01-17T12:32:27","modified_gmt":"2025-01-17T11:32:27","slug":"non-esistono-ragazzi-cattivi","status":"publish","type":"eventi","link":"https:\/\/www.visitclusone.it\/en\/eventi\/non-esistono-ragazzi-cattivi\/","title":{"rendered":"Non esistono ragazzi cattivi"},"content":{"rendered":"<p><strong>Venerd\u00ec 31 gennaio 2025<\/strong>, l&#8217;oratorio di Clusone, in occasione della settimana dedicata a Don bosco, propone un incontro\/testimonianza per genitori, educatori e adulti.<\/p>\n<p><em>&#8220;Non esistono ragazzi cattivi&#8221;\u00a0 <\/em>con don Claudio Burgio cappellano del carcere minorile Beccaria di Milano.<\/p>\n<p><strong>Don Claudio Burgio<\/strong> nasce a Milano il 29 Maggio 1969, dopo gli studi classici, a ventuno anni entra nel seminario della Diocesi ambrosiana, dove completa la formazione filosofica e teologica. L\u20198 Giugno 1996 \u00e8 ordinato sacerdote, nel Duomo di Milano, dal cardinale Carlo Maria Martini.<br \/>\nSi forma musicalmente sotto la direzione di monsignor Migliavacca, seguendone le orme sia come musicista compositore che come sacerdote educatore; studia pianoforte ed organo sotto la guida del monsignor Luigi Benedetti e prosegue gli studi musicali presso il Pontificio Istituto di Musica Sacra di Milano.<br \/>\nNel 2007 la Veneranda Fabbrica del Duomo di Milano lo nomina Maestro Direttore della Cappella musicale.<br \/>\nAl suo attivo sono molte le composizioni sacre per coro, organo ed orchestra, canti per l\u2019assemblea liturgica, canti per cori parrocchiali e canti polifonici tutti depositati presso l\u2019archivio della Cappella musicale e della Veneranda Fabbrica del Duomo. Essendo un appassionato musicista-compositore, scrive e pubblica \u201cUna storia pi\u00f9 grande di noi\u201d, un lavoro discografico per la catechesi degli adolescenti che ha notevole diffusione in varie diocesi italiane.<br \/>\nTra i vari impegni che segue quotidianamente don Claudio \u00e8 anche fondatore e presidente dell\u2019associazione Kayr\u00f3s che dal 2000 gestisce comunit\u00e0 di accoglienza per minori, maggiorenni che fornisce servizi educativi per adolescenti; dopo dieci anni di parrocchia, coinvolto nella pastorale giovanile degli oratori, diventa collaboratore di don Gino Rigoldi come cappellano dell\u2019Istituto penale minorile \u201cCesare Beccaria\u201d di Milano.<br \/>\nAccanto all\u2019attivit\u00e0 pedagogica che lo vede impegnato quotidianamente con i ragazzi delle comunit\u00e0, numerosi sono i suoi interventi in dibattiti ed incontri pubblici su temi sociali di attualit\u00e0, su spiritualit\u00e0, educazione, famiglia, tossicodipendenza, emarginazione giovanile.<br \/>\nE\u2019 autore del libro \u201cNon esistono ragazzi cattivi\u201d, racconto-testimonianza dei primi anni vissuti a fianco dei ragazzi del carcere minorile e delle comunit\u00e0 Kayr\u00f3s.<\/p>\n<p>L&#8217;evento si svolger\u00e0 alle <em>ore 20:45 presso il Teatro Mons. Tomasini<\/em><\/p>\n<p>Lo spettacolo \u00e8 a ingresso gratuito fino ad esaurimento posti.<\/p>\n","protected":false},"featured_media":665,"parent":0,"template":"","categorie_eventi":[138,95,72],"class_list":["post-6127","eventi","type-eventi","status-publish","has-post-thumbnail","hentry","categorie_eventi-cultura","categorie_eventi-per-i-giovani","categorie_eventi-conferenze-e-presentazioni"],"acf":[],"yoast_head":"<!-- This site is optimized with the Yoast SEO plugin v27.4 - https:\/\/yoast.com\/product\/yoast-seo-wordpress\/ -->\n<title>Non esistono ragazzi cattivi - Clusone (Bg)<\/title>\n<meta name=\"description\" content=\"Venerd\u00ec 31 gennaio 2025, l&#039;oratorio di Clusone, propone un incontro\/testimonianza per genitori, educatori e adulti.\u00a0\" \/>\n<meta name=\"robots\" content=\"index, follow, max-snippet:-1, max-image-preview:large, max-video-preview:-1\" \/>\n<link rel=\"canonical\" href=\"https:\/\/www.visitclusone.it\/eventi\/non-esistono-ragazzi-cattivi\/\" \/>\n<meta property=\"og:locale\" content=\"en_US\" \/>\n<meta property=\"og:type\" content=\"article\" \/>\n<meta property=\"og:title\" content=\"Non esistono ragazzi cattivi - Clusone (Bg)\" \/>\n<meta property=\"og:description\" content=\"Venerd\u00ec 31 gennaio 2025, l&#039;oratorio di Clusone, propone un incontro\/testimonianza per genitori, educatori e adulti.\u00a0\" \/>\n<meta property=\"og:url\" content=\"https:\/\/www.visitclusone.it\/eventi\/non-esistono-ragazzi-cattivi\/\" \/>\n<meta property=\"og:site_name\" content=\"Visit Clusone\" \/>\n<meta property=\"og:image\" content=\"https:\/\/www.visitclusone.it\/wp-content\/uploads\/2022\/05\/Roger-Vax.jpg\" \/>\n\t<meta property=\"og:image:width\" content=\"1500\" \/>\n\t<meta property=\"og:image:height\" content=\"1000\" \/>\n\t<meta property=\"og:image:type\" content=\"image\/jpeg\" \/>\n<meta name=\"twitter:card\" content=\"summary_large_image\" \/>\n<meta name=\"twitter:label1\" content=\"Est. reading time\" \/>\n\t<meta name=\"twitter:data1\" content=\"3 minutes\" \/>\n<script type=\"application\/ld+json\" class=\"yoast-schema-graph\">{\"@context\":\"https:\\\/\\\/schema.org\",\"@graph\":[{\"@type\":\"WebPage\",\"@id\":\"https:\\\/\\\/www.visitclusone.it\\\/eventi\\\/non-esistono-ragazzi-cattivi\\\/\",\"url\":\"https:\\\/\\\/www.visitclusone.it\\\/eventi\\\/non-esistono-ragazzi-cattivi\\\/\",\"name\":\"Non esistono ragazzi cattivi - Clusone (Bg)\",\"isPartOf\":{\"@id\":\"https:\\\/\\\/www.visitclusone.it\\\/#website\"},\"primaryImageOfPage\":{\"@id\":\"https:\\\/\\\/www.visitclusone.it\\\/eventi\\\/non-esistono-ragazzi-cattivi\\\/#primaryimage\"},\"image\":{\"@id\":\"https:\\\/\\\/www.visitclusone.it\\\/eventi\\\/non-esistono-ragazzi-cattivi\\\/#primaryimage\"},\"thumbnailUrl\":\"https:\\\/\\\/www.visitclusone.it\\\/wp-content\\\/uploads\\\/2022\\\/05\\\/Roger-Vax.jpg\",\"datePublished\":\"2025-01-17T11:32:27+00:00\",\"description\":\"Venerd\u00ec 31 gennaio 2025, l'oratorio di Clusone, propone un incontro\\\/testimonianza per genitori, educatori e adulti.\u00a0\",\"breadcrumb\":{\"@id\":\"https:\\\/\\\/www.visitclusone.it\\\/eventi\\\/non-esistono-ragazzi-cattivi\\\/#breadcrumb\"},\"inLanguage\":\"en-US\",\"potentialAction\":[{\"@type\":\"ReadAction\",\"target\":[\"https:\\\/\\\/www.visitclusone.it\\\/eventi\\\/non-esistono-ragazzi-cattivi\\\/\"]}]},{\"@type\":\"ImageObject\",\"inLanguage\":\"en-US\",\"@id\":\"https:\\\/\\\/www.visitclusone.it\\\/eventi\\\/non-esistono-ragazzi-cattivi\\\/#primaryimage\",\"url\":\"https:\\\/\\\/www.visitclusone.it\\\/wp-content\\\/uploads\\\/2022\\\/05\\\/Roger-Vax.jpg\",\"contentUrl\":\"https:\\\/\\\/www.visitclusone.it\\\/wp-content\\\/uploads\\\/2022\\\/05\\\/Roger-Vax.jpg\",\"width\":1500,\"height\":1000,\"caption\":\"Non esistono ragazzi cattivi\"},{\"@type\":\"BreadcrumbList\",\"@id\":\"https:\\\/\\\/www.visitclusone.it\\\/eventi\\\/non-esistono-ragazzi-cattivi\\\/#breadcrumb\",\"itemListElement\":[{\"@type\":\"ListItem\",\"position\":1,\"name\":\"Eventi\",\"item\":\"https:\\\/\\\/www.visitclusone.it\\\/eventi\\\/\"},{\"@type\":\"ListItem\",\"position\":2,\"name\":\"Non esistono ragazzi cattivi\"}]},{\"@type\":\"WebSite\",\"@id\":\"https:\\\/\\\/www.visitclusone.it\\\/#website\",\"url\":\"https:\\\/\\\/www.visitclusone.it\\\/\",\"name\":\"Visit Clusone\",\"description\":\"Conosci, esplora, scopri Clusone\",\"potentialAction\":[{\"@type\":\"SearchAction\",\"target\":{\"@type\":\"EntryPoint\",\"urlTemplate\":\"https:\\\/\\\/www.visitclusone.it\\\/?s={search_term_string}\"},\"query-input\":{\"@type\":\"PropertyValueSpecification\",\"valueRequired\":true,\"valueName\":\"search_term_string\"}}],\"inLanguage\":\"en-US\"}]}<\/script>\n<!-- \/ Yoast SEO plugin. -->","yoast_head_json":{"title":"Non esistono ragazzi cattivi - Clusone (Bg)","description":"Venerd\u00ec 31 gennaio 2025, l'oratorio di Clusone, propone un incontro\/testimonianza per genitori, educatori e adulti.\u00a0","robots":{"index":"index","follow":"follow","max-snippet":"max-snippet:-1","max-image-preview":"max-image-preview:large","max-video-preview":"max-video-preview:-1"},"canonical":"https:\/\/www.visitclusone.it\/eventi\/non-esistono-ragazzi-cattivi\/","og_locale":"en_US","og_type":"article","og_title":"Non esistono ragazzi cattivi - Clusone (Bg)","og_description":"Venerd\u00ec 31 gennaio 2025, l'oratorio di Clusone, propone un incontro\/testimonianza per genitori, educatori e adulti.\u00a0","og_url":"https:\/\/www.visitclusone.it\/eventi\/non-esistono-ragazzi-cattivi\/","og_site_name":"Visit Clusone","og_image":[{"width":1500,"height":1000,"url":"https:\/\/www.visitclusone.it\/wp-content\/uploads\/2022\/05\/Roger-Vax.jpg","type":"image\/jpeg"}],"twitter_card":"summary_large_image","twitter_misc":{"Est. reading time":"3 minutes"},"schema":{"@context":"https:\/\/schema.org","@graph":[{"@type":"WebPage","@id":"https:\/\/www.visitclusone.it\/eventi\/non-esistono-ragazzi-cattivi\/","url":"https:\/\/www.visitclusone.it\/eventi\/non-esistono-ragazzi-cattivi\/","name":"Non esistono ragazzi cattivi - Clusone (Bg)","isPartOf":{"@id":"https:\/\/www.visitclusone.it\/#website"},"primaryImageOfPage":{"@id":"https:\/\/www.visitclusone.it\/eventi\/non-esistono-ragazzi-cattivi\/#primaryimage"},"image":{"@id":"https:\/\/www.visitclusone.it\/eventi\/non-esistono-ragazzi-cattivi\/#primaryimage"},"thumbnailUrl":"https:\/\/www.visitclusone.it\/wp-content\/uploads\/2022\/05\/Roger-Vax.jpg","datePublished":"2025-01-17T11:32:27+00:00","description":"Venerd\u00ec 31 gennaio 2025, l'oratorio di Clusone, propone un incontro\/testimonianza per genitori, educatori e adulti.\u00a0","breadcrumb":{"@id":"https:\/\/www.visitclusone.it\/eventi\/non-esistono-ragazzi-cattivi\/#breadcrumb"},"inLanguage":"en-US","potentialAction":[{"@type":"ReadAction","target":["https:\/\/www.visitclusone.it\/eventi\/non-esistono-ragazzi-cattivi\/"]}]},{"@type":"ImageObject","inLanguage":"en-US","@id":"https:\/\/www.visitclusone.it\/eventi\/non-esistono-ragazzi-cattivi\/#primaryimage","url":"https:\/\/www.visitclusone.it\/wp-content\/uploads\/2022\/05\/Roger-Vax.jpg","contentUrl":"https:\/\/www.visitclusone.it\/wp-content\/uploads\/2022\/05\/Roger-Vax.jpg","width":1500,"height":1000,"caption":"Non esistono ragazzi cattivi"},{"@type":"BreadcrumbList","@id":"https:\/\/www.visitclusone.it\/eventi\/non-esistono-ragazzi-cattivi\/#breadcrumb","itemListElement":[{"@type":"ListItem","position":1,"name":"Eventi","item":"https:\/\/www.visitclusone.it\/eventi\/"},{"@type":"ListItem","position":2,"name":"Non esistono ragazzi cattivi"}]},{"@type":"WebSite","@id":"https:\/\/www.visitclusone.it\/#website","url":"https:\/\/www.visitclusone.it\/","name":"Visit Clusone","description":"Conosci, esplora, scopri Clusone","potentialAction":[{"@type":"SearchAction","target":{"@type":"EntryPoint","urlTemplate":"https:\/\/www.visitclusone.it\/?s={search_term_string}"},"query-input":{"@type":"PropertyValueSpecification","valueRequired":true,"valueName":"search_term_string"}}],"inLanguage":"en-US"}]}},"_links":{"self":[{"href":"https:\/\/www.visitclusone.it\/en\/wp-json\/wp\/v2\/eventi\/6127","targetHints":{"allow":["GET"]}}],"collection":[{"href":"https:\/\/www.visitclusone.it\/en\/wp-json\/wp\/v2\/eventi"}],"about":[{"href":"https:\/\/www.visitclusone.it\/en\/wp-json\/wp\/v2\/types\/eventi"}],"wp:featuredmedia":[{"embeddable":true,"href":"https:\/\/www.visitclusone.it\/en\/wp-json\/wp\/v2\/media\/665"}],"wp:attachment":[{"href":"https:\/\/www.visitclusone.it\/en\/wp-json\/wp\/v2\/media?parent=6127"}],"wp:term":[{"taxonomy":"categorie_eventi","embeddable":true,"href":"https:\/\/www.visitclusone.it\/en\/wp-json\/wp\/v2\/categorie_eventi?post=6127"}],"curies":[{"name":"wp","href":"https:\/\/api.w.org\/{rel}","templated":true}]}}

<p><strong>Venerdì 31 gennaio 2025</strong>, l&#8217;oratorio di Clusone, in occasione della settimana dedicata a Don bosco, propone un incontro/testimonianza per genitori, educatori e adulti.</p>
<p><em>&#8220;Non esistono ragazzi cattivi&#8221;  </em>con don Claudio Burgio cappellano del carcere minorile Beccaria di Milano.</p>
<p><strong>Don Claudio Burgio</strong> nasce a Milano il 29 Maggio 1969, dopo gli studi classici, a ventuno anni entra nel seminario della Diocesi ambrosiana, dove completa la formazione filosofica e teologica. L’8 Giugno 1996 è ordinato sacerdote, nel Duomo di Milano, dal cardinale Carlo Maria Martini.<br />
Si forma musicalmente sotto la direzione di monsignor Migliavacca, seguendone le orme sia come musicista compositore che come sacerdote educatore; studia pianoforte ed organo sotto la guida del monsignor Luigi Benedetti e prosegue gli studi musicali presso il Pontificio Istituto di Musica Sacra di Milano.<br />
Nel 2007 la Veneranda Fabbrica del Duomo di Milano lo nomina Maestro Direttore della Cappella musicale.<br />
Al suo attivo sono molte le composizioni sacre per coro, organo ed orchestra, canti per l’assemblea liturgica, canti per cori parrocchiali e canti polifonici tutti depositati presso l’archivio della Cappella musicale e della Veneranda Fabbrica del Duomo. Essendo un appassionato musicista-compositore, scrive e pubblica “Una storia più grande di noi”, un lavoro discografico per la catechesi degli adolescenti che ha notevole diffusione in varie diocesi italiane.<br />
Tra i vari impegni che segue quotidianamente don Claudio è anche fondatore e presidente dell’associazione Kayrós che dal 2000 gestisce comunità di accoglienza per minori, maggiorenni che fornisce servizi educativi per adolescenti; dopo dieci anni di parrocchia, coinvolto nella pastorale giovanile degli oratori, diventa collaboratore di don Gino Rigoldi come cappellano dell’Istituto penale minorile “Cesare Beccaria” di Milano.<br />
Accanto all’attività pedagogica che lo vede impegnato quotidianamente con i ragazzi delle comunità, numerosi sono i suoi interventi in dibattiti ed incontri pubblici su temi sociali di attualità, su spiritualità, educazione, famiglia, tossicodipendenza, emarginazione giovanile.<br />
E’ autore del libro “Non esistono ragazzi cattivi”, racconto-testimonianza dei primi anni vissuti a fianco dei ragazzi del carcere minorile e delle comunità Kayrós.</p>
<p>L&#8217;evento si svolgerà alle <em>ore 20:45 presso il Teatro Mons. Tomasini</em></p>
<p>Lo spettacolo è a ingresso gratuito fino ad esaurimento posti.</p>

<!-- This site is optimized with the Yoast SEO plugin v27.4 - https://yoast.com/product/yoast-seo-wordpress/ -->
<title>Non esistono ragazzi cattivi - Clusone (Bg)</title>
<meta name="description" content="Venerdì 31 gennaio 2025, l&#039;oratorio di Clusone, propone un incontro/testimonianza per genitori, educatori e adulti. " />
<meta name="robots" content="index, follow, max-snippet:-1, max-image-preview:large, max-video-preview:-1" />
<link rel="canonical" href="https://www.visitclusone.it/eventi/non-esistono-ragazzi-cattivi/" />
<meta property="og:locale" content="en_US" />
<meta property="og:type" content="article" />
<meta property="og:title" content="Non esistono ragazzi cattivi - Clusone (Bg)" />
<meta property="og:description" content="Venerdì 31 gennaio 2025, l&#039;oratorio di Clusone, propone un incontro/testimonianza per genitori, educatori e adulti. " />
<meta property="og:url" content="https://www.visitclusone.it/eventi/non-esistono-ragazzi-cattivi/" />
<meta property="og:site_name" content="Visit Clusone" />
<meta property="og:image" content="https://www.visitclusone.it/wp-content/uploads/2022/05/Roger-Vax.jpg" />
	<meta property="og:image:width" content="1500" />
	<meta property="og:image:height" content="1000" />
	<meta property="og:image:type" content="image/jpeg" />
<meta name="twitter:card" content="summary_large_image" />
<meta name="twitter:label1" content="Est. reading time" />
	<meta name="twitter:data1" content="3 minutes" />
<script type="application/ld+json" class="yoast-schema-graph">{"@context":"https:\/\/schema.org","@graph":[{"@type":"WebPage","@id":"https:\/\/www.visitclusone.it\/eventi\/non-esistono-ragazzi-cattivi\/","url":"https:\/\/www.visitclusone.it\/eventi\/non-esistono-ragazzi-cattivi\/","name":"Non esistono ragazzi cattivi - Clusone (Bg)","isPartOf":{"@id":"https:\/\/www.visitclusone.it\/#website"},"primaryImageOfPage":{"@id":"https:\/\/www.visitclusone.it\/eventi\/non-esistono-ragazzi-cattivi\/#primaryimage"},"image":{"@id":"https:\/\/www.visitclusone.it\/eventi\/non-esistono-ragazzi-cattivi\/#primaryimage"},"thumbnailUrl":"https:\/\/www.visitclusone.it\/wp-content\/uploads\/2022\/05\/Roger-Vax.jpg","datePublished":"2025-01-17T11:32:27+00:00","description":"Venerdì 31 gennaio 2025, l'oratorio di Clusone, propone un incontro\/testimonianza per genitori, educatori e adulti. ","breadcrumb":{"@id":"https:\/\/www.visitclusone.it\/eventi\/non-esistono-ragazzi-cattivi\/#breadcrumb"},"inLanguage":"en-US","potentialAction":[{"@type":"ReadAction","target":["https:\/\/www.visitclusone.it\/eventi\/non-esistono-ragazzi-cattivi\/"]}]},{"@type":"ImageObject","inLanguage":"en-US","@id":"https:\/\/www.visitclusone.it\/eventi\/non-esistono-ragazzi-cattivi\/#primaryimage","url":"https:\/\/www.visitclusone.it\/wp-content\/uploads\/2022\/05\/Roger-Vax.jpg","contentUrl":"https:\/\/www.visitclusone.it\/wp-content\/uploads\/2022\/05\/Roger-Vax.jpg","width":1500,"height":1000,"caption":"Non esistono ragazzi cattivi"},{"@type":"BreadcrumbList","@id":"https:\/\/www.visitclusone.it\/eventi\/non-esistono-ragazzi-cattivi\/#breadcrumb","itemListElement":[{"@type":"ListItem","position":1,"name":"Eventi","item":"https:\/\/www.visitclusone.it\/eventi\/"},{"@type":"ListItem","position":2,"name":"Non esistono ragazzi cattivi"}]},{"@type":"WebSite","@id":"https:\/\/www.visitclusone.it\/#website","url":"https:\/\/www.visitclusone.it\/","name":"Visit Clusone","description":"Conosci, esplora, scopri Clusone","potentialAction":[{"@type":"SearchAction","target":{"@type":"EntryPoint","urlTemplate":"https:\/\/www.visitclusone.it\/?s={search_term_string}"},"query-input":{"@type":"PropertyValueSpecification","valueRequired":true,"valueName":"search_term_string"}}],"inLanguage":"en-US"}]}</script>
<!-- / Yoast SEO plugin. -->

Venerdì 31 gennaio 2025, l'oratorio di Clusone, propone un incontro/testimonianza per genitori, educatori e adulti.
