{"id":7584,"date":"2025-09-06T11:03:22","date_gmt":"2025-09-06T09:03:22","guid":{"rendered":"https:\/\/www.visitclusone.it\/?post_type=eventi&#038;p=7584"},"modified":"2025-09-06T11:03:22","modified_gmt":"2025-09-06T09:03:22","slug":"sui-passi-dellalta-via-delle-grazie","status":"publish","type":"eventi","link":"https:\/\/www.visitclusone.it\/en\/eventi\/sui-passi-dellalta-via-delle-grazie\/","title":{"rendered":"&#8220;Sui passi dell\u2019Alta Via delle Grazie&#8221;"},"content":{"rendered":"<p data-start=\"174\" data-end=\"601\">Con l&#8217;autunno ripartono i corsi promossi dalla <strong>Terza universit\u00e0 di Bergamo<\/strong> nei vari territori della bergamasca.<br \/>\nAnche il Comune di Clusone ospiter\u00e0 una serie di appuntamenti, il primo sar\u00e0:<\/p>\n<p data-start=\"174\" data-end=\"601\"><strong>Venerd\u00ec 10 e 17 ottobre 2025<\/strong> (un incontro ed un uscita), \u20ac8.<\/p>\n<p data-start=\"174\" data-end=\"601\"><strong data-start=\"174\" data-end=\"214\">Sui passi dell\u2019Alta Via delle Grazie<\/strong> \u00e8 un corso esperienziale che propone un\u2019immersione nel primo cammino interamente bergamasco, un itinerario spirituale, naturalistico e culturale lungo circa 271 km. Questo percorso, ufficializzato nel 2023 con la pubblicazione della relativa guida (edita da Terre di Mezzo), \u00e8 frutto del lavoro di pi\u00f9 autori, tra cui Gabriella Castelli, che guider\u00e0 i partecipanti in questa iniziativa.<\/p>\n<p data-start=\"603\" data-end=\"1003\">Il cammino si sviluppa tra la citt\u00e0 di Bergamo, la Val Seriana e l\u2019Alto Sebino, collegando tredici santuari mariani, con partenza dalla Basilica di Santa Maria Maggiore a Bergamo. Il corso \u00e8 pensato per avvicinare i partecipanti a un\u2019esperienza di benessere fisico e spirituale, attraverso una proposta in due momenti distinti: un incontro introduttivo teorico e un\u2019uscita giornaliera sul territorio.<\/p>\n<p data-start=\"1005\" data-end=\"1381\">Durante il primo incontro (venerd\u00ec 10 ottobre 2025), verr\u00e0 illustrato nel dettaglio il progetto del percorso, i significati simbolici, storici e religiosi legati ai santuari coinvolti, oltre alle modalit\u00e0 di svolgimento dell\u2019escursione pratica. Sar\u00e0 un\u2019occasione per prepararsi alla camminata con consapevolezza, comprendendo il valore devozionale e paesaggistico del cammino.<\/p>\n<p data-start=\"1383\" data-end=\"1701\">Il secondo momento (venerd\u00ec 17 ottobre 2025) prevede un\u2019escursione guidata di un\u2019intera giornata: si partir\u00e0 da San Vincenzo Martire a Cerete Basso alle ore 8.45, per visitare i mulini di Cerete. Dopo una pausa pranzo, si proseguir\u00e0 fino al Santuario della Madonna della Torre di Sovere, con ritorno a piedi alle auto.<\/p>\n<p data-start=\"1703\" data-end=\"2189\">Il corso, che rientra nella categoria <strong data-start=\"1741\" data-end=\"1754\">Benessere<\/strong>, ha un numero massimo di 60 partecipanti ed \u00e8 accessibile con un contributo di 8 \u20ac. L\u2019intera esperienza unisce il piacere del camminare alla scoperta del territorio bergamasco, offrendo anche momenti di riflessione personale, spiritualit\u00e0, silenzio e convivialit\u00e0. \u00c8 un&#8217;opportunit\u00e0 per vivere il cammino non solo come spostamento fisico, ma come percorso interiore, arricchito da testimonianze, visite culturali e accoglienza genuina.<\/p>\n<p data-start=\"2191\" data-end=\"2379\">Questa proposta \u00e8 ideale per chi desidera riscoprire il significato del pellegrinaggio nella modernit\u00e0, percorrendo luoghi di fede e bellezza naturale nel cuore della provincia di Bergamo.<\/p>\n<p data-start=\"108\" data-end=\"160\"><strong data-start=\"108\" data-end=\"122\">Referente:<\/strong><br data-start=\"122\" data-end=\"125\" \/>Olga Mosconi \u2013 Tel. <strong data-start=\"145\" data-end=\"160\">338 6163495<\/strong><\/p>\n<p data-start=\"162\" data-end=\"353\"><strong data-start=\"162\" data-end=\"192\">Iscrizioni e informazioni:<\/strong><br data-start=\"192\" data-end=\"195\" \/>SPI CGIL \u2013 Via Vittorio Veneto 3<br data-start=\"227\" data-end=\"230\" \/>Tel. <strong data-start=\"235\" data-end=\"250\">035 3594650<\/strong><br data-start=\"250\" data-end=\"253\" \/>Orari: <strong data-start=\"260\" data-end=\"292\">mercoled\u00ec, ore 10:00 \u2013 12:00<\/strong>, a partire da due settimane prima dell\u2019inizio di ogni corso.<\/p>\n<p data-start=\"355\" data-end=\"458\"><strong data-start=\"355\" data-end=\"374\">Sede dei corsi:<\/strong><br data-start=\"374\" data-end=\"377\" \/><strong data-start=\"377\" data-end=\"415\">Auditorium della Scuola Elementare<\/strong>, Viale Roma 11<br data-start=\"430\" data-end=\"433\" \/>Orario: <strong data-start=\"441\" data-end=\"458\">14:45 \u2013 17:00<\/strong><\/p>\n","protected":false},"featured_media":7586,"parent":0,"template":"","categorie_eventi":[178,75,79,73],"class_list":["post-7584","eventi","type-eventi","status-publish","has-post-thumbnail","hentry","categorie_eventi-natura","categorie_eventi-escursioni-e-sport","categorie_eventi-visite-guidate","categorie_eventi-corsi-e-laboratori"],"acf":[],"yoast_head":"<!-- This site is optimized with the Yoast SEO plugin v27.5 - https:\/\/yoast.com\/product\/yoast-seo-wordpress\/ -->\n<title>&quot;Sui passi dell\u2019Alta Via delle Grazie&quot; - Clusone (Bg)<\/title>\n<meta name=\"description\" content=\"un viaggio tra spiritualit\u00e0, natura e cultura lungo un cammino bergamasco, con incontro introduttivo e un\u2019escursione guidata.\" \/>\n<meta name=\"robots\" content=\"index, follow, max-snippet:-1, max-image-preview:large, max-video-preview:-1\" \/>\n<link rel=\"canonical\" href=\"https:\/\/www.visitclusone.it\/eventi\/sui-passi-dellalta-via-delle-grazie\/\" \/>\n<meta property=\"og:locale\" content=\"en_US\" \/>\n<meta property=\"og:type\" content=\"article\" \/>\n<meta property=\"og:title\" content=\"&quot;Sui passi dell\u2019Alta Via delle Grazie&quot; - Clusone (Bg)\" \/>\n<meta property=\"og:description\" content=\"un viaggio tra spiritualit\u00e0, natura e cultura lungo un cammino bergamasco, con incontro introduttivo e un\u2019escursione guidata.\" \/>\n<meta property=\"og:url\" content=\"https:\/\/www.visitclusone.it\/eventi\/sui-passi-dellalta-via-delle-grazie\/\" \/>\n<meta property=\"og:site_name\" content=\"Visit Clusone\" \/>\n<meta property=\"og:image\" content=\"https:\/\/www.visitclusone.it\/wp-content\/uploads\/2025\/09\/TERZA-UNIVERSITA.jpg\" \/>\n\t<meta property=\"og:image:width\" content=\"1125\" \/>\n\t<meta property=\"og:image:height\" content=\"750\" \/>\n\t<meta property=\"og:image:type\" content=\"image\/jpeg\" \/>\n<meta name=\"twitter:card\" content=\"summary_large_image\" \/>\n<meta name=\"twitter:label1\" content=\"Est. reading time\" \/>\n\t<meta name=\"twitter:data1\" content=\"3 minutes\" \/>\n<script type=\"application\/ld+json\" class=\"yoast-schema-graph\">{\"@context\":\"https:\\\/\\\/schema.org\",\"@graph\":[{\"@type\":\"WebPage\",\"@id\":\"https:\\\/\\\/www.visitclusone.it\\\/eventi\\\/sui-passi-dellalta-via-delle-grazie\\\/\",\"url\":\"https:\\\/\\\/www.visitclusone.it\\\/eventi\\\/sui-passi-dellalta-via-delle-grazie\\\/\",\"name\":\"\\\"Sui passi dell\u2019Alta Via delle Grazie\\\" - Clusone (Bg)\",\"isPartOf\":{\"@id\":\"https:\\\/\\\/www.visitclusone.it\\\/#website\"},\"primaryImageOfPage\":{\"@id\":\"https:\\\/\\\/www.visitclusone.it\\\/eventi\\\/sui-passi-dellalta-via-delle-grazie\\\/#primaryimage\"},\"image\":{\"@id\":\"https:\\\/\\\/www.visitclusone.it\\\/eventi\\\/sui-passi-dellalta-via-delle-grazie\\\/#primaryimage\"},\"thumbnailUrl\":\"https:\\\/\\\/www.visitclusone.it\\\/wp-content\\\/uploads\\\/2025\\\/09\\\/TERZA-UNIVERSITA.jpg\",\"datePublished\":\"2025-09-06T09:03:22+00:00\",\"description\":\"un viaggio tra spiritualit\u00e0, natura e cultura lungo un cammino bergamasco, con incontro introduttivo e un\u2019escursione guidata.\",\"breadcrumb\":{\"@id\":\"https:\\\/\\\/www.visitclusone.it\\\/eventi\\\/sui-passi-dellalta-via-delle-grazie\\\/#breadcrumb\"},\"inLanguage\":\"en-US\",\"potentialAction\":[{\"@type\":\"ReadAction\",\"target\":[\"https:\\\/\\\/www.visitclusone.it\\\/eventi\\\/sui-passi-dellalta-via-delle-grazie\\\/\"]}]},{\"@type\":\"ImageObject\",\"inLanguage\":\"en-US\",\"@id\":\"https:\\\/\\\/www.visitclusone.it\\\/eventi\\\/sui-passi-dellalta-via-delle-grazie\\\/#primaryimage\",\"url\":\"https:\\\/\\\/www.visitclusone.it\\\/wp-content\\\/uploads\\\/2025\\\/09\\\/TERZA-UNIVERSITA.jpg\",\"contentUrl\":\"https:\\\/\\\/www.visitclusone.it\\\/wp-content\\\/uploads\\\/2025\\\/09\\\/TERZA-UNIVERSITA.jpg\",\"width\":1125,\"height\":750,\"caption\":\"TERZA UNIVERSIT\u00c0\"},{\"@type\":\"BreadcrumbList\",\"@id\":\"https:\\\/\\\/www.visitclusone.it\\\/eventi\\\/sui-passi-dellalta-via-delle-grazie\\\/#breadcrumb\",\"itemListElement\":[{\"@type\":\"ListItem\",\"position\":1,\"name\":\"Eventi\",\"item\":\"https:\\\/\\\/www.visitclusone.it\\\/eventi\\\/\"},{\"@type\":\"ListItem\",\"position\":2,\"name\":\"&#8220;Sui passi dell\u2019Alta Via delle Grazie&#8221;\"}]},{\"@type\":\"WebSite\",\"@id\":\"https:\\\/\\\/www.visitclusone.it\\\/#website\",\"url\":\"https:\\\/\\\/www.visitclusone.it\\\/\",\"name\":\"Visit Clusone\",\"description\":\"Conosci, esplora, scopri Clusone\",\"potentialAction\":[{\"@type\":\"SearchAction\",\"target\":{\"@type\":\"EntryPoint\",\"urlTemplate\":\"https:\\\/\\\/www.visitclusone.it\\\/?s={search_term_string}\"},\"query-input\":{\"@type\":\"PropertyValueSpecification\",\"valueRequired\":true,\"valueName\":\"search_term_string\"}}],\"inLanguage\":\"en-US\"}]}<\/script>\n<!-- \/ Yoast SEO plugin. -->","yoast_head_json":{"title":"\"Sui passi dell\u2019Alta Via delle Grazie\" - Clusone (Bg)","description":"un viaggio tra spiritualit\u00e0, natura e cultura lungo un cammino bergamasco, con incontro introduttivo e un\u2019escursione guidata.","robots":{"index":"index","follow":"follow","max-snippet":"max-snippet:-1","max-image-preview":"max-image-preview:large","max-video-preview":"max-video-preview:-1"},"canonical":"https:\/\/www.visitclusone.it\/eventi\/sui-passi-dellalta-via-delle-grazie\/","og_locale":"en_US","og_type":"article","og_title":"\"Sui passi dell\u2019Alta Via delle Grazie\" - Clusone (Bg)","og_description":"un viaggio tra spiritualit\u00e0, natura e cultura lungo un cammino bergamasco, con incontro introduttivo e un\u2019escursione guidata.","og_url":"https:\/\/www.visitclusone.it\/eventi\/sui-passi-dellalta-via-delle-grazie\/","og_site_name":"Visit Clusone","og_image":[{"width":1125,"height":750,"url":"https:\/\/www.visitclusone.it\/wp-content\/uploads\/2025\/09\/TERZA-UNIVERSITA.jpg","type":"image\/jpeg"}],"twitter_card":"summary_large_image","twitter_misc":{"Est. reading time":"3 minutes"},"schema":{"@context":"https:\/\/schema.org","@graph":[{"@type":"WebPage","@id":"https:\/\/www.visitclusone.it\/eventi\/sui-passi-dellalta-via-delle-grazie\/","url":"https:\/\/www.visitclusone.it\/eventi\/sui-passi-dellalta-via-delle-grazie\/","name":"\"Sui passi dell\u2019Alta Via delle Grazie\" - Clusone (Bg)","isPartOf":{"@id":"https:\/\/www.visitclusone.it\/#website"},"primaryImageOfPage":{"@id":"https:\/\/www.visitclusone.it\/eventi\/sui-passi-dellalta-via-delle-grazie\/#primaryimage"},"image":{"@id":"https:\/\/www.visitclusone.it\/eventi\/sui-passi-dellalta-via-delle-grazie\/#primaryimage"},"thumbnailUrl":"https:\/\/www.visitclusone.it\/wp-content\/uploads\/2025\/09\/TERZA-UNIVERSITA.jpg","datePublished":"2025-09-06T09:03:22+00:00","description":"un viaggio tra spiritualit\u00e0, natura e cultura lungo un cammino bergamasco, con incontro introduttivo e un\u2019escursione guidata.","breadcrumb":{"@id":"https:\/\/www.visitclusone.it\/eventi\/sui-passi-dellalta-via-delle-grazie\/#breadcrumb"},"inLanguage":"en-US","potentialAction":[{"@type":"ReadAction","target":["https:\/\/www.visitclusone.it\/eventi\/sui-passi-dellalta-via-delle-grazie\/"]}]},{"@type":"ImageObject","inLanguage":"en-US","@id":"https:\/\/www.visitclusone.it\/eventi\/sui-passi-dellalta-via-delle-grazie\/#primaryimage","url":"https:\/\/www.visitclusone.it\/wp-content\/uploads\/2025\/09\/TERZA-UNIVERSITA.jpg","contentUrl":"https:\/\/www.visitclusone.it\/wp-content\/uploads\/2025\/09\/TERZA-UNIVERSITA.jpg","width":1125,"height":750,"caption":"TERZA UNIVERSIT\u00c0"},{"@type":"BreadcrumbList","@id":"https:\/\/www.visitclusone.it\/eventi\/sui-passi-dellalta-via-delle-grazie\/#breadcrumb","itemListElement":[{"@type":"ListItem","position":1,"name":"Eventi","item":"https:\/\/www.visitclusone.it\/eventi\/"},{"@type":"ListItem","position":2,"name":"&#8220;Sui passi dell\u2019Alta Via delle Grazie&#8221;"}]},{"@type":"WebSite","@id":"https:\/\/www.visitclusone.it\/#website","url":"https:\/\/www.visitclusone.it\/","name":"Visit Clusone","description":"Conosci, esplora, scopri Clusone","potentialAction":[{"@type":"SearchAction","target":{"@type":"EntryPoint","urlTemplate":"https:\/\/www.visitclusone.it\/?s={search_term_string}"},"query-input":{"@type":"PropertyValueSpecification","valueRequired":true,"valueName":"search_term_string"}}],"inLanguage":"en-US"}]}},"_links":{"self":[{"href":"https:\/\/www.visitclusone.it\/en\/wp-json\/wp\/v2\/eventi\/7584","targetHints":{"allow":["GET"]}}],"collection":[{"href":"https:\/\/www.visitclusone.it\/en\/wp-json\/wp\/v2\/eventi"}],"about":[{"href":"https:\/\/www.visitclusone.it\/en\/wp-json\/wp\/v2\/types\/eventi"}],"wp:featuredmedia":[{"embeddable":true,"href":"https:\/\/www.visitclusone.it\/en\/wp-json\/wp\/v2\/media\/7586"}],"wp:attachment":[{"href":"https:\/\/www.visitclusone.it\/en\/wp-json\/wp\/v2\/media?parent=7584"}],"wp:term":[{"taxonomy":"categorie_eventi","embeddable":true,"href":"https:\/\/www.visitclusone.it\/en\/wp-json\/wp\/v2\/categorie_eventi?post=7584"}],"curies":[{"name":"wp","href":"https:\/\/api.w.org\/{rel}","templated":true}]}}

<p data-start="174" data-end="601">Con l&#8217;autunno ripartono i corsi promossi dalla <strong>Terza università di Bergamo</strong> nei vari territori della bergamasca.<br />
Anche il Comune di Clusone ospiterà una serie di appuntamenti, il primo sarà:</p>
<p data-start="174" data-end="601"><strong>Venerdì 10 e 17 ottobre 2025</strong> (un incontro ed un uscita), €8.</p>
<p data-start="174" data-end="601"><strong data-start="174" data-end="214">Sui passi dell’Alta Via delle Grazie</strong> è un corso esperienziale che propone un’immersione nel primo cammino interamente bergamasco, un itinerario spirituale, naturalistico e culturale lungo circa 271 km. Questo percorso, ufficializzato nel 2023 con la pubblicazione della relativa guida (edita da Terre di Mezzo), è frutto del lavoro di più autori, tra cui Gabriella Castelli, che guiderà i partecipanti in questa iniziativa.</p>
<p data-start="603" data-end="1003">Il cammino si sviluppa tra la città di Bergamo, la Val Seriana e l’Alto Sebino, collegando tredici santuari mariani, con partenza dalla Basilica di Santa Maria Maggiore a Bergamo. Il corso è pensato per avvicinare i partecipanti a un’esperienza di benessere fisico e spirituale, attraverso una proposta in due momenti distinti: un incontro introduttivo teorico e un’uscita giornaliera sul territorio.</p>
<p data-start="1005" data-end="1381">Durante il primo incontro (venerdì 10 ottobre 2025), verrà illustrato nel dettaglio il progetto del percorso, i significati simbolici, storici e religiosi legati ai santuari coinvolti, oltre alle modalità di svolgimento dell’escursione pratica. Sarà un’occasione per prepararsi alla camminata con consapevolezza, comprendendo il valore devozionale e paesaggistico del cammino.</p>
<p data-start="1383" data-end="1701">Il secondo momento (venerdì 17 ottobre 2025) prevede un’escursione guidata di un’intera giornata: si partirà da San Vincenzo Martire a Cerete Basso alle ore 8.45, per visitare i mulini di Cerete. Dopo una pausa pranzo, si proseguirà fino al Santuario della Madonna della Torre di Sovere, con ritorno a piedi alle auto.</p>
<p data-start="1703" data-end="2189">Il corso, che rientra nella categoria <strong data-start="1741" data-end="1754">Benessere</strong>, ha un numero massimo di 60 partecipanti ed è accessibile con un contributo di 8 €. L’intera esperienza unisce il piacere del camminare alla scoperta del territorio bergamasco, offrendo anche momenti di riflessione personale, spiritualità, silenzio e convivialità. È un&#8217;opportunità per vivere il cammino non solo come spostamento fisico, ma come percorso interiore, arricchito da testimonianze, visite culturali e accoglienza genuina.</p>
<p data-start="2191" data-end="2379">Questa proposta è ideale per chi desidera riscoprire il significato del pellegrinaggio nella modernità, percorrendo luoghi di fede e bellezza naturale nel cuore della provincia di Bergamo.</p>
<p data-start="108" data-end="160"><strong data-start="108" data-end="122">Referente:</strong><br data-start="122" data-end="125" />Olga Mosconi – Tel. <strong data-start="145" data-end="160">338 6163495</strong></p>
<p data-start="162" data-end="353"><strong data-start="162" data-end="192">Iscrizioni e informazioni:</strong><br data-start="192" data-end="195" />SPI CGIL – Via Vittorio Veneto 3<br data-start="227" data-end="230" />Tel. <strong data-start="235" data-end="250">035 3594650</strong><br data-start="250" data-end="253" />Orari: <strong data-start="260" data-end="292">mercoledì, ore 10:00 – 12:00</strong>, a partire da due settimane prima dell’inizio di ogni corso.</p>
<p data-start="355" data-end="458"><strong data-start="355" data-end="374">Sede dei corsi:</strong><br data-start="374" data-end="377" /><strong data-start="377" data-end="415">Auditorium della Scuola Elementare</strong>, Viale Roma 11<br data-start="430" data-end="433" />Orario: <strong data-start="441" data-end="458">14:45 – 17:00</strong></p>

<!-- This site is optimized with the Yoast SEO plugin v27.5 - https://yoast.com/product/yoast-seo-wordpress/ -->
<title>&quot;Sui passi dell’Alta Via delle Grazie&quot; - Clusone (Bg)</title>
<meta name="description" content="un viaggio tra spiritualità, natura e cultura lungo un cammino bergamasco, con incontro introduttivo e un’escursione guidata." />
<meta name="robots" content="index, follow, max-snippet:-1, max-image-preview:large, max-video-preview:-1" />
<link rel="canonical" href="https://www.visitclusone.it/eventi/sui-passi-dellalta-via-delle-grazie/" />
<meta property="og:locale" content="en_US" />
<meta property="og:type" content="article" />
<meta property="og:title" content="&quot;Sui passi dell’Alta Via delle Grazie&quot; - Clusone (Bg)" />
<meta property="og:description" content="un viaggio tra spiritualità, natura e cultura lungo un cammino bergamasco, con incontro introduttivo e un’escursione guidata." />
<meta property="og:url" content="https://www.visitclusone.it/eventi/sui-passi-dellalta-via-delle-grazie/" />
<meta property="og:site_name" content="Visit Clusone" />
<meta property="og:image" content="https://www.visitclusone.it/wp-content/uploads/2025/09/TERZA-UNIVERSITA.jpg" />
	<meta property="og:image:width" content="1125" />
	<meta property="og:image:height" content="750" />
	<meta property="og:image:type" content="image/jpeg" />
<meta name="twitter:card" content="summary_large_image" />
<meta name="twitter:label1" content="Est. reading time" />
	<meta name="twitter:data1" content="3 minutes" />
<script type="application/ld+json" class="yoast-schema-graph">{"@context":"https:\/\/schema.org","@graph":[{"@type":"WebPage","@id":"https:\/\/www.visitclusone.it\/eventi\/sui-passi-dellalta-via-delle-grazie\/","url":"https:\/\/www.visitclusone.it\/eventi\/sui-passi-dellalta-via-delle-grazie\/","name":"\"Sui passi dell’Alta Via delle Grazie\" - Clusone (Bg)","isPartOf":{"@id":"https:\/\/www.visitclusone.it\/#website"},"primaryImageOfPage":{"@id":"https:\/\/www.visitclusone.it\/eventi\/sui-passi-dellalta-via-delle-grazie\/#primaryimage"},"image":{"@id":"https:\/\/www.visitclusone.it\/eventi\/sui-passi-dellalta-via-delle-grazie\/#primaryimage"},"thumbnailUrl":"https:\/\/www.visitclusone.it\/wp-content\/uploads\/2025\/09\/TERZA-UNIVERSITA.jpg","datePublished":"2025-09-06T09:03:22+00:00","description":"un viaggio tra spiritualità, natura e cultura lungo un cammino bergamasco, con incontro introduttivo e un’escursione guidata.","breadcrumb":{"@id":"https:\/\/www.visitclusone.it\/eventi\/sui-passi-dellalta-via-delle-grazie\/#breadcrumb"},"inLanguage":"en-US","potentialAction":[{"@type":"ReadAction","target":["https:\/\/www.visitclusone.it\/eventi\/sui-passi-dellalta-via-delle-grazie\/"]}]},{"@type":"ImageObject","inLanguage":"en-US","@id":"https:\/\/www.visitclusone.it\/eventi\/sui-passi-dellalta-via-delle-grazie\/#primaryimage","url":"https:\/\/www.visitclusone.it\/wp-content\/uploads\/2025\/09\/TERZA-UNIVERSITA.jpg","contentUrl":"https:\/\/www.visitclusone.it\/wp-content\/uploads\/2025\/09\/TERZA-UNIVERSITA.jpg","width":1125,"height":750,"caption":"TERZA UNIVERSITÀ"},{"@type":"BreadcrumbList","@id":"https:\/\/www.visitclusone.it\/eventi\/sui-passi-dellalta-via-delle-grazie\/#breadcrumb","itemListElement":[{"@type":"ListItem","position":1,"name":"Eventi","item":"https:\/\/www.visitclusone.it\/eventi\/"},{"@type":"ListItem","position":2,"name":"&#8220;Sui passi dell’Alta Via delle Grazie&#8221;"}]},{"@type":"WebSite","@id":"https:\/\/www.visitclusone.it\/#website","url":"https:\/\/www.visitclusone.it\/","name":"Visit Clusone","description":"Conosci, esplora, scopri Clusone","potentialAction":[{"@type":"SearchAction","target":{"@type":"EntryPoint","urlTemplate":"https:\/\/www.visitclusone.it\/?s={search_term_string}"},"query-input":{"@type":"PropertyValueSpecification","valueRequired":true,"valueName":"search_term_string"}}],"inLanguage":"en-US"}]}</script>
<!-- / Yoast SEO plugin. -->

un viaggio tra spiritualità, natura e cultura lungo un cammino bergamasco, con incontro introduttivo e un’escursione guidata.

TERZA UNIVERSITÀ
